


{"id":608,"date":"2023-02-15T22:25:51","date_gmt":"2023-02-16T01:25:51","guid":{"rendered":"http:\/\/sw-themes.com\/porto_dummy\/?page_id=608"},"modified":"2023-02-15T22:36:50","modified_gmt":"2023-02-16T01:36:50","slug":"refund_returns","status":"publish","type":"page","link":"https:\/\/nutricorpos.com.br\/site\/index.php\/refund_returns\/","title":{"rendered":"Refund and Returns Policy"},"content":{"rendered":"<h2>PRAZOS DE ENVIO<\/h2>\n<p>\u00a0 \u00a0 \u00a0 \u00a0 \u00a0 \u00a0 \u00a0 Os envios s\u00e3o feitos de segunda \u00e0 sexta, em hor\u00e1rio comercial, via Correios e para todo o Brasil.<\/p>\n<p>\u00a0\u00a0\u00a0\u00a0\u00a0\u00a0\u00a0\u00a0\u00a0\u00a0\u00a0\u00a0\u00a0\u00a0 As informa\u00e7\u00f5es de valor e prazo de entrega s\u00e3o calculadas no site, na p\u00e1gina do produto, carrinho ou checkout do pedido. E o prazo informado passa a ser contado a partir da data da aprova\u00e7\u00e3o do pagamento.\u00a0 Para at\u00e9 10 produtos a NutriCorpos envia gratuitamente para todo o Brasil.<\/p>\n<h3>Extravio ou avaria<\/h3>\n<p>Recomendamos que se no momento de entrega perceber avarias na embalagem (que possam comprometer a integridade do produto) recuse o recebimento alegando a situa\u00e7\u00e3o encontrada.<\/p>\n<p>O fato ocorrido deve ser comunicado ao nosso atendimento ou Suporte T\u00e9cnico para que sejam tomadas as devidas provid\u00eancias junto aos correios e a resolu\u00e7\u00e3o.<\/p>\n<p>Procuramos acompanhar os rastreios e garantir agilidade se acaso ocorrer extravio. Sendo assim, como realizamos todos os envios com seguro, estamos protegidos e podemos oferecer uma melhor experi\u00eancia e resolu\u00e7\u00e3o ao envio em quest\u00e3o.<\/p>\n","protected":false},"excerpt":{"rendered":"<p>PRAZOS DE ENVIO \u00a0 \u00a0 \u00a0 \u00a0 \u00a0 \u00a0 \u00a0 Os envios s\u00e3o feitos de segunda \u00e0 sexta, em hor\u00e1rio comercial, via Correios e para todo o Brasil. \u00a0\u00a0\u00a0\u00a0\u00a0\u00a0\u00a0\u00a0\u00a0\u00a0\u00a0\u00a0\u00a0\u00a0 As informa\u00e7\u00f5es de valor e prazo de entrega s\u00e3o calculadas no site, na p\u00e1gina do produto, carrinho ou checkout do pedido. E o prazo informado passa [&hellip;]<\/p>\n","protected":false},"author":1,"featured_media":0,"parent":0,"menu_order":0,"comment_status":"closed","ping_status":"closed","template":"","meta":{"_mo_disable_npp":"","om_disable_all_campaigns":false,"footnotes":""},"class_list":["post-608","page","type-page","status-publish","hentry"],"_links":{"self":[{"href":"https:\/\/nutricorpos.com.br\/site\/index.php\/wp-json\/wp\/v2\/pages\/608","targetHints":{"allow":["GET"]}}],"collection":[{"href":"https:\/\/nutricorpos.com.br\/site\/index.php\/wp-json\/wp\/v2\/pages"}],"about":[{"href":"https:\/\/nutricorpos.com.br\/site\/index.php\/wp-json\/wp\/v2\/types\/page"}],"author":[{"embeddable":true,"href":"https:\/\/nutricorpos.com.br\/site\/index.php\/wp-json\/wp\/v2\/users\/1"}],"replies":[{"embeddable":true,"href":"https:\/\/nutricorpos.com.br\/site\/index.php\/wp-json\/wp\/v2\/comments?post=608"}],"version-history":[{"count":4,"href":"https:\/\/nutricorpos.com.br\/site\/index.php\/wp-json\/wp\/v2\/pages\/608\/revisions"}],"predecessor-version":[{"id":6231,"href":"https:\/\/nutricorpos.com.br\/site\/index.php\/wp-json\/wp\/v2\/pages\/608\/revisions\/6231"}],"wp:attachment":[{"href":"https:\/\/nutricorpos.com.br\/site\/index.php\/wp-json\/wp\/v2\/media?parent=608"}],"curies":[{"name":"wp","href":"https:\/\/api.w.org\/{rel}","templated":true}]}}